*g + 1121*g, 3*g - 19413 = -3*n. What is the greatest common factor of 112 and n?
16
Let z = -627 - -1107. Suppose -24*h + 19*h + z = 0. What is the highest common factor of 128 and h?
32
Let s be 2/(-7) - 37/(-7). Let x be 2/4 - (0 + (-954)/12). Suppose -2*b = 0, -2*g + 4*g + 2*b - x = 0. What is the greatest common factor of s and g?
5
Let k(g) = g**3 - g**2 + g + 333. Let o be k(0). Let t = -279 + o. Calculate the highest common divisor of 2 and t.
2
Let n(v) = v**2 + 92*v + 891. Let f be n(-96). Calculate the greatest common divisor of f and 6885.
255
Let c(f) = 34*f**3 - 2*f**2 + 2*f - 1. Let r be c(1). Let m(z) = 3062*z + 24595. Let q be m(-8). Calculate the highest common divisor of r and q.
33
Let f = 106 + -226. Let m be (-20)/f + (-838)/(-12). Calculate the greatest common divisor of 42 and m.
14
Suppose -g + 31 = 3*m, -2*g = 2*m - 16 + 2. Suppose -m + 187 = 5*u. Let d be 0 + 1 + 0 + 4. Calculate the highest common factor of u and d.
5
Let t(n) = -n**2 + 10*n + 189. Let p(r) = -2*r**3 + 33*r**2 + 19*r - 19. Let q be p(17). Let a be t(q). What is the highest common factor of a and 285?
57
Let u(m) = 122*m - 113. Let v be u(4). Let a = v - 336. What is the highest common divisor of 26 and a?
13
Let t be (-14)/(-13) + -1 - (-15757926)/2847. What is the greatest common divisor of 540 and t?
135
Let r be ((-1098)/8)/((-1)/(-16)*366/(-549)). Calculate the highest common divisor of r and 122.
122
Let g = 5187 - 2427. What is the greatest common divisor of 15 and g?
15
Let k = -40 - -86. Suppose -3*o = -7*o + 644. What is the greatest common factor of o and k?
23
Let z = 22 + 1. Suppose 7*p = z - 9. Let v be p - ((-49)/3 + (-6)/(-18)). What is the greatest common factor of v and 9?
9
Let q = 2119 - 2087. What is the highest common factor of 5792 and q?
32
Suppose -2*r = 2*f + 1108 - 1236, -205 = -2*r + 5*f. Let v(l) = -4*l + 1. Let b be v(-4). Suppose 28 = 3*a - b. Calculate the highest common divisor of a and r.
15
Suppose 176 + 89 = 5*w. Let r = w - 32. Let z(u) = 2*u + 2. Let v be z(r). Calculate the greatest common factor of 4 and v.
4
Suppose 114 + 34 = 4*o. Suppose -1841*h = -1863*h + 44. What is the highest common factor of h and o?
1
Suppose -3*k - 2*l = -40763, 46*k - 49*k + 40771 = -2*l. Calculate the greatest common divisor of k and 127.
127
Let v(j) = -9193*j + 1139. Let h be v(-2). What is the highest common factor of h and 550?
275
Suppose -4*k - 54 = -3*w, 0 = 19*w - 14*w + 4*k - 154. Calculate the greatest common factor of 676 and w.
26
Suppose -2*k + 1546 - 290 = 0. Let g be 24/(-540)*-9 - k/(-5). Calculate the highest common factor of 315 and g.
63
Suppose -150420 = -4*n + 5*j - 23614, j + 95110 = 3*n. What is the greatest common factor of 24 and n?
24
Let n(y) = y**3 + 13*y**2 + 14*y + 250. Let z be n(-13). Calculate the greatest common divisor of z and 697.
17
Suppose 4*p - l = -p - 3319, -5*p + 5*l = 3335. Let n be 0 - (p/15 + (-6)/(-30)). What is the highest common divisor of 176 and n?
44
Let t be (25 - 32) + 10*1. Let y be -1 + 4*(-20)/(-16). Suppose -y*n + 3*n = -t, n = 3*l - 132. Calculate the highest common divisor of 18 and l.
9
Let q = -3699 - -4524. What is the greatest common factor of 99 and q?
33
Let c(q) = 10693*q - 32077. Let d be c(3). Let z be (1/1)/(2/36). What is the highest common divisor of z and d?
2
Let m = -41690 + 63230. What is the highest common divisor of m and 15?
15
Let d = -41 - -42. Let v be d*2/(-4) - (-280)/16. Let w = 109 - 75. What is the greatest common factor of w and v?
17
Suppose -44*v + 78*v - 1464 - 3432 = 0. What is the greatest common divisor of v and 540?
36
Suppose 2*t + 3*g = 666, -t - 108 = -g - 456. Calculate the greatest common factor of 589 and t.
19
Let w be ((-189)/6)/((-2)/4). Let a(g) = 3262*g + 3280. Let h be a(-1). What is the greatest common factor of h and w?
9
Let g be (6 - 1)*(8/(-10))/1. Let a be ((-2)/g)/((-3)/(-36)). Let i = a - 3. What is the highest common divisor of 2 and i?
1
Let s(c) be the first derivative of -17/2*c**2 + 1/3*c**3 - 8 + 64*c. Let d be s(15). What is the greatest common factor of 68 and d?
34
Let o = -26501 + 26507. Calculate the highest common factor of o and 194.
2
Let j be (2*(-12)/48)/(2/1004)*-26. Calculate the greatest common divisor of j and 52.
26
Suppose 355 = b + 3*k, 5*b + k + 569 = 2400. Let o = 715 + -872. Let g = o + b. Calculate the greatest common factor of g and 30.
30
Let l be -303*3/(-9)*-1. Let y = l + 61. Let u = 42 + y. What is the highest common factor of u and 10?
2
Let q = -4568 + 4788. What is the greatest common divisor of 330 and q?
110
Let a = -11 - -14. Suppose -4*b = 5*z + 2, b + a*z + 12 = 4*b. Let p be (5/b)/(21/1134). Calculate the highest common divisor of p and 15.
15
Suppose -28*g + 204 = -25*g. Suppose 12*i - 64 = -4*i. What is the highest common divisor of g and i?
4
Let j = -39540 + 39589. Suppose -3*z + 4*u - 10 - 19 = 0, 4 = -3*z - u. Let r be z/15 + 36/5. Calculate the highest common divisor of r and j.
7
Suppose 2*d = 2*q + 2, -3*d + 2*q + 0*q + 5 = 0. Suppose -3*x + 384 = d*x. Calculate the highest common divisor of x and 112.
16
Suppose 3*l = 5*z - 10 + 6, -z - 3*l + 8 = 0. Let j = -7 + -14. Let g = j + 29. Calculate the highest common factor of g and z.
2
Let u(g) = -10*g**3 - 5*g**2 - 2*g - 8. Let l be u(-4). Let n = l + -552. Calculate the greatest common factor of 184 and n.
8
Suppose -52*t + 671647 = -566993. Let q be t/170 - (-8)/(-68). What is the greatest common factor of q and 240?
20
Suppose 7*i + 3*u - 328 = 6*i, 2*u - 1282 = -4*i. Suppose -2*t + 22 = -0*t. Calculate the greatest common factor of i and t.
11
Let g(z) = -z**3 + 28*z**2 - 73*z - 20. Let o = 713 - 688. Let n be g(o). Calculate the highest common divisor of n and 10.
10
Let f = -95 + 106. Let h(q) = q**3 - 10*q**2 + 5*q - 157. Let x be h(f). Calculate the greatest common divisor of x and 19.
19
Let j(n) = -16*n**2 - 224*n - 6. Let a be j(-14). Let p be (-1584)/a*20/30. Suppose -w + 3 + 8 = 0. What is the highest common factor of w and p?
11
Let f(a) = 4*a**3 + a**2 - 1. Let y be f(1). Let z = 59 - 17. Let w be 58/7 + (-12)/z. Calculate the greatest common divisor of y and w.
4
Suppose 3*w - 24 = -3*w. Let q(t) = 3 + 3*t**2 + w - 4*t**2 - 13 - 7*t. Let z be q(-4). What is the highest common divisor of z and 15?
3
Let k = 62 - 53. Suppose k = 12*o + 9. Suppose -l - s - 298 = -4*l, o = 3*s - 6. What is the highest common factor of 40 and l?
20
Suppose 3*g + 37 = -2*f, -73 = f + 3*f + 5*g. Let k = -15 + f. Let x = k - -37. Calculate the highest common factor of 20 and x.
5
Suppose 16717 + 29084 = c + 9961. Calculate the greatest common divisor of c and 140.
140
Suppose -3*o - 42 - 66 = 0. Let p = o - -63. Calculate the highest common factor of 162 and p.
27
Let q(u) = -u**2 - 12*u + 132. Let c be q(-15). Let p(d) = 3*d + 85. Let v be p(-9). Calculate the greatest common factor of c and v.
29
Suppose 5*h - 29 = -5*b + b, 2*h - 4*b = 6. Suppose 4*n - 3*n - h*v = -18, -5*n - 3*v = -50. Let t = 61 - 54. What is the highest common factor of n and t?
7
Let h = -246 - -268. Let f be h + (4 + -2)/(-2). Calculate the highest common divisor of f and 24.
3
Suppose 33*d - 44*d = -43894 + 12720. What is the highest common factor of 26 and d?
26
Let t be 3 - -2 - 87*1064/(-57). Calculate the greatest common divisor of 72 and t.
9
Let f(j) = 3*j**2 + 23*j - 8. Let z be f(-12). Let x = z + -130. What is the highest common divisor of 288 and x?
18
Let o(b) = 3*b**2 + 34*b - 21. Let w be o(-12). Suppose 2*c = -5*p + 17 + 53, -4*p + 91 = w*c. What is the highest common divisor of c and 625?
25
Suppose 5*u + 1 - 3 = -2*o, o = -4*u + 1. Let y be ((-20)/140 + 1 + u)*140. Calculate the highest common divisor of y and 75.
15
Let o = -92 - -229. Let m = o - 19. Calculate the greatest common divisor of m and 177.
59
Let n = -8735 - -9615. What is the greatest common factor of n and 560?
80
Let z(n) = 4*n**2 - 58*n + 600. Let x be z(14). Calculate the greatest common divisor of x and 416.
52
Let a = 133 + -13. Suppose 3*c + 4*k + a = 0, -3*c + 2*c - 2*k = 38. Let o be (-60)/25 + 2 + c/(-10). What is the highest common divisor of o and 84?
4
Suppose 0 = -5*n - 5*k + 630, 0 = -3*n - 2*k + 302 + 78. Let g be (288/(-7))/((-3)/14). What is the highe